rs of b(g)?
2
Let h(f) = -20*f - 12. What are the prime factors of h(-5)?
2, 11
Suppose -a = -5*g - 3*a - 62, 0 = -3*g + 3*a - 33. What are the prime factors of 2 + 1 - 4 - g?
11
Suppose 0*t - 3276 = -13*t. What are the prime factors of t?
2, 3, 7
Suppose -q - 4*c = 3 + 6, 0 = -3*q + 3*c + 18. Let g(b) = 2*b**3 - 4*b**2 - b**q - 8*b - 5 + 0. List the prime factors of g(6).
19
Let h = 57 - 2. What are the prime factors of h?
5, 11
What are the prime factors of 321/2*36/27?
2, 107
Let r = -5 + 10. Suppose r*c = 32 - 2. Let s = 11 - c. List the prime factors of s.
5
Suppose 2*g + 2*b + 250 = 6*g, 0 = -5*g - 4*b + 319. What are the prime factors of g?
3, 7
Suppose -37*h + 38*h = 100. List the prime factors of h.
2, 5
Let i(z) = -3*z. Let y be i(-1). Suppose 2*h = -y*c + 18, -3*h = -4*c - 53 + 9. List the prime factors of h.
2, 3
Let o be (-1)/((-3)/(-6)*-2). Suppose -3*k - 12 = 5*f, 4*f - 3*f + 2*k + o = 0. List the prime factors of (-5)/(-15) + (-32)/f.
11
Suppose 5*u + 400 = -155. What are the prime factors of (-2 + 4)*u/(-6)?
37
Let n(y) = -y + 6. Let d be n(4). Suppose z = 2*z - d. Suppose z*m + 23 = 2*o + m, 61 = 4*o + 3*m. What are the prime factors of o?
13
Suppose -x - 5*p = -28, -x - 2*p - p + 30 = 0. Let b = 16 + 4. Let u = x - b. List the prime factors of u.
13
Suppose -4*p - 3*n + 68 = n, -p + 7 = -n. What are the prime factors of p?
2, 3
Let r = -6 + 43. List the prime factors of r.
37
Suppose -38 = -5*n - 2*h, -8*n - 5*h = -3*n - 50. Suppose -n = -2*r + r. List the prime factors of r.
2, 3
Suppose -h + 2*h - 16 = 0. Let n be 8/h - 22/(-4). Suppose -v + n*v = 15. List the prime factors of v.
3
Let a(s) = -s**2 - s - 3. Let f be a(0). Let o(q) = q**3 - q - 4. Let n be o(0). List the prime factors of n/(-12) + (-29)/f.
2, 5
Let l be (0 - 3)*-1 + 11. Let j be ((-1)/(-1) - 11)/1. Let k = l + j. What are the prime factors of k?
2
Let u = 116 + -67. List the prime factors of u.
7
Let s(d) = -d**3 + 6*d**2 - 4*d + 3. Suppose 0*l = l, 5*c + 2*l = 20. Suppose 0*p = c*p - 20. List the prime factors of s(p).
2
Suppose 0 = z - 2*x + x + 17, 0 = -2*x + 2. List the prime factors of (-6)/(-3) - 4 - z.
2, 7
Let a = -4 + 7. Suppose -a*c + 74 = c - 3*p, 2*c - 3*p - 34 = 0. What are the prime factors of c?
2, 5
Let x(d) = 4*d + 5. List the prime factors of x(12).
53
Let a be 2/(-5) + (-54)/(-10). Suppose -5*p + 58 = -77. Suppose 3 + p = a*v. What are the prime factors of v?
2, 3
Suppose 10 = -2*s + 4*g, -11 = 5*s + 4*g - 56. Suppose -s*v + 46 + 4 = 0. Suppose 3*h + v = i + i, 4*i - 20 = h. List the prime factors of i.
5
Suppose 5*y = -5*t, -4*t = -t - y + 20. Let w = t + 12. What are the prime factors of w?
7
Let o be 6/15 + (-173)/(-5). Let w = -13 + o. What are the prime factors of w?
2, 11
Let w(y) = y + 2. Let p be w(6). Let f = p - 6. Suppose f*o - 10 = -3*o. List the prime factors of o.
2
Let u = -5 - 3. Let g(f) be the first derivative of f**4/4 + 7*f**3/3 - 4*f**2 + 8*f + 2. List the prime factors of g(u).
2
Let g(d) = d**2 - 10*d - 9. List the prime factors of g(15).
2, 3, 11
Suppose -2*q = -4*l - 102, -53 = -2*q + l + 43. List the prime factors of q.
47
Suppose 0 = k + 3*k + 8, y + 3*k + 2 = 0. Let i(t) = -t**3 + 4*t**2 - 5*t + 5. Let f be i(y). Let h = 31 + f. List the prime factors of h.
2
Let a(c) = -c**3 - 3*c**2 + 2*c + 4. List the prime factors of a(-4).
2, 3
Suppose 4*o = -4*b + 196, 2*o - 22 = 5*b + 55. What are the prime factors of o?
2, 23
Let c(j) be the second derivative of -j**5/20 + 5*j**4/12 - 2*j**3/3 + 5*j**2/2 - 4*j. What are the prime factors of c(4)?
5
Let g = -4 + 5. Let b be (0 + 0)/g + 3. Suppose b*l = 13 + 17. What are the prime factors of l?
2, 5
Suppose -r = 2*q - 4*r - 13, 0 = -q - 3*r + 2. Let y(s) be the first derivative of s**3/3 - 5*s**2/2 + 7*s + 2. What are the prime factors of y(q)?
7
Suppose 102 = 2*d - 128. Let g be d/3 + 2/3. Suppose 6*r - 3*r = g. What are the prime factors of r?
13
Let r = -40 + 69. What are the prime factors of r?
29
Suppose -2*m + 10 = -48. Let n = -21 + m. What are the prime factors of n?
2
Let r = -29 + 16. Let s = -8 - r. What are the prime factors of s?
5
Suppose 0*s - 4 = -s. Suppose 1 = s*d - 19. Suppose 12 = d*g - 28. List the prime factors of g.
2
Suppose 0 = 5*x - 3*z + 5*z - 4, -2 = x - z. Suppose j = 2*b + 3*b - 25, x = 5*b - 2*j - 30. List the prime factors of b/(-22) - (-68)/11.
2, 3
Suppose -b + 71 = -3*r, -3*b + 0*r - 3*r = -273. What are the prime factors of b?
2, 43
Suppose 7*d - 8*d = -54. What are the prime factors of d?
2, 3
Suppose -5*h = 5*u + 20, u + 5*h = 5*u + 34. Let j(i) = i + 13. What are the prime factors of j(u)?
7
Let b(s) = s - 3. Let h be b(5). Suppose -h*q = -3*x - 31, -2*x - 34 = -3*q - 0*q. List the prime factors of q.
2
Let z(d) = -3*d**2 - 15*d - 11. Let k(b) = -b**2 - 7*b - 5. Let v(g) = 5*k(g) - 2*z(g). List the prime factors of v(-3).
3, 7
Let p(b) = -2*b - 5. Let j be p(-6). Suppose 4*n - 3 = m, j*m - 2*m - 2 = 3*n. What are the prime factors of 5*m/(1/2)?
2, 5
Let h = -12 - -11. Let y(w) = w + 5*w**2 - w + w. List the prime factors of y(h).
2
Suppose 141 = 4*y + 3*q, -y + 17 = -5*q - 1. List the prime factors of y.
3, 11
Let y = 8 - 4. List the prime factors of 12/4 - y - -12.
11
Suppose 0 = -y + 3 + 35. What are the prime factors of y?
2, 19
Let j(g) = g**2 + 35. Let i be j(0). Suppose -2*o - 3*o = -i. What are the prime factors of o?
7
Let d = -2 + 5. Suppose 10 = 2*p - 5*s, 20 = 4*p - 7*s + d*s. What are the prime factors of (-2 + p)/((-2)/(-6))?
3
Let o be 2 + (-1 - -1) - -8. Let d = o + -3. Let s = d + -3. List the prime factors of s.
2
Suppose 0 = 3*g - 52 - 125. Let l = g + -32. List the prime factors of l.
3
List the prime factors of 2/10 - (1820/(-25) + -1).
2, 37
Suppose -20 = -3*d + 16. List the prime factors of d.
2, 3
Suppose 2*z = o - 0*o - 21, 0 = -5*z + 10. List the prime factors of o.
5
Suppose 2*l + 56 = 340. List the prime factors of l.
2, 71
What are the prime factors of (28 - (-1 + -2)) + 1?
2
Suppose 4*u + 6 - 1 = -3*x, 5 = x. Let f(h) = -h**3 - 4*h**2 + 5*h + 5. List the prime factors of f(u).
5
List the prime factors of 1*(-4 + 0 + 63).
59
Let w(p) = -2*p - 6. Let c be w(-5). Suppose -37 - 3 = c*d. Let m = d - -19. What are the prime factors of m?
3
Suppose p + 6 = -5*a + 3, 0 = 4*a + 4. What are the prime factors of p?
2
Let q = -5 - -5. Suppose -i + 0*i - 10 = q. What are the prime factors of 4/i + (-126)/(-15)?
2
Let w(y) = -y**3 + 2 - y**3 + 3*y**3 + 4*y + 5*y**2. Let t(g) = -g**3 - 13*g**2 - 13*g - 16. Let k be t(-12). List the prime factors of w(k).
2
What are the prime factors of 620/15*9/6?
2, 31
Let g = 207 + -87. What are the prime factors of (3 - 0)/(18/g)?
2, 5
Let w(m) = -2 - 4 - 2 + 0 + 5*m. List the prime factors of w(9).
37
Let m = 2 - 6. Let q = m - -3. What are the prime factors of q - (-7 + 1 - 1)?
2, 3
Let g(i) = i**3 - 3*i**2 - i. Let f be g(-2). Let z = -5 - f. Let u = 23 - z. What are the prime factors of u?
2, 5
Let l(v) = v**3 - 6*v**2 - 5. Let t be l(6). Let i be (24/20)/((-2)/t). Suppose 5*b - 23 = -j, 19 = i*j - j + b. List the prime factors of j.
2
Suppose -3*v + 210 = -12. What are the prime factors of v?
2, 37
Let o be (-15)/20 + 46/8. Suppose 3*a + 24 = -o*g + 61, 4*g - 4 = 4*a. Suppose -j - a*f = -26, -3*f - 8 - 7 = -5*j. List the prime factors of j.
2, 3
Suppose -2*c = 2*u - 54, -u - 81 = -3*c - 6*u. Suppose -2*w = w - c. List the prime factors of w.
3
Suppose 2*s - 746 = 5*g, -4*s + 5*s - 371 = 3*g. What are the prime factors of s?
383
Let i = 15 + 6. Let v = -5 + 7. Suppose -w = v*w - i. List the prime factors of w.
7
Suppose -u + 408 = 4*a, 4*u - 198 = -2*a + 5*u. What are the prime factors of a?
101
Let c(t) be the second derivative of t**4/12 - 5*t**3/6 + 3*t**2/2 - 3*t. What are the prime factors of c(5)?
3
Let i be 190/4 - (-1)/2. Suppose 3*t - i = -0*t. Let m = 23 - t. What are the prime factors of m?
7
Let t(w) = 42*w + 13. List the prime factors of t(6).
5, 53
Let c(d) = -22*d - 50. List the prime factors of c(-10).
2, 5, 17
Let g be 19 + 0 + 3 - 2. Suppose -m - 3 = -g. List the prime factors of m.
17
Suppose 0*y + 2*y + 4 = 4*t, 0 = -3*y + 5*t - 2. Let c = y + 23. Let q = -17 + c. List the prime factors of q.
2, 3
Let p = 66 + -35. Let x = 57 - p. What are the prime facto